 t, -5*z + 6091 = -c. Let p = z - 852. Is p a composite number?
False
Let b(f) = f**3 + 4*f**2 + 2*f + 2. Let k be b(-4). Let v(j) = -4*j - 5. Let u(r) = 4*r + 4. Let o(y) = -6*u(y) - 5*v(y). Is o(k) composite?
True
Let k(d) = -2*d**3 + 5*d**2 + d - 2. Let n = -21 + 18. Let h be k(n). Let p = h - 39. Is p a composite number?
True
Let x(c) = -c**2 - c. Let k be x(-1). Suppose -5*b + 25 = k, s - b = -4*s + 1270. Suppose s - 101 = 2*g. Is g prime?
False
Suppose 2*j = 5*j + 5*l + 6, -5*l - 3 = 4*j. Suppose 2901 = 3*k - v, -v = j*v. Is k a composite number?
False
Suppose 0*o - 3*o = -4*q - 3571, o - 1191 = 2*q. Is o a composite number?
True
Let l = -28 - -50. Let t = l + 245. Is t composite?
True
Suppose -5*o = -5*t - 625, 0 = -0*t - t - 5*o - 107. Suppose 1165 = -2*s - 3*s. Let p = t - s. Is p composite?
True
Suppose 3*k = 5*j - 1179, -503 = 2*k - 4*j + 281. Let m = 597 + k. Is m prime?
True
Let h be (2 + 1)/1 - 0. Suppose 5*p + 2*b + 17 = -3, h*b = p - 13. Is ((-362)/2)/(p/2) prime?
True
Let k = 173 + -331. Suppose i + 3*h = -37, -4*i + h = i + 265. Let j = i - k. Is j a prime number?
False
Let h be 2/(-10) - 41237/(-35). Let t = h + 835. Is t/9 + (-8)/12 composite?
False
Suppose 0 = -4*i - 40*o + 42*o + 53708, 3*i = o + 40281. Is i a composite number?
True
Let o = 96 + -66. Let j = o - 28. Suppose -j*m - 3*m = -1185. Is m prime?
False
Let c(x) = -x**2 + 14*x - 19. Let i be c(12). Suppose 3*t = u + i*t - 1263, 0 = 4*u - 5*t - 5013. Is u prime?
False
Let x = 8993 - 6170. Is x composite?
True
Let q(z) = z**3 + 8*z**2 - 3*z + 14. Let t be q(-8). Suppose t*u = 35*u + 6693. Is u prime?
False
Let l(h) = -2*h**3 - 6*h**2 + 4*h - 3. Let p(r) = 4*r + 15. Let i be p(-5). Is l(i) a composite number?
True
Let j be 17 - (3 + -3 + 1). Let u be (-1)/(-1 - j/(-12)). Is 1/(-3) - 2164/u a composite number?
True
Let u(j) = 426*j**2. Let h be u(1). Suppose -t = t - h. Suppose -t = -g + 2*k, -g - 6*k + 4*k + 229 = 0. Is g a composite number?
True
Let h be 2/(-2 + 1 - 0). Let f be -4*(35/20 + -1). Is 67/3 + h/f a composite number?
False
Suppose 4*o = -4*x + 7028, -3*o + 8789 = 5*x + o. Suppose -16*n = -13*n - x. Is n a composite number?
False
Let v(r) be the third derivative of -7*r**6/40 - 7*r**5/60 - 7*r**4/24 - r**3/2 + 9*r**2. Is v(-4) a composite number?
True
Suppose v - 452 = -449. Let h = 23 + -2. Suppose v*o + h = 84. Is o composite?
True
Let s be 6*(-2)/(-4) - -2. Suppose -6*q = -s*q - 58. Is q a composite number?
True
Let u(i) = -37*i**3 + 2*i**2 + 4*i - 7. Let x be u(2). Let g = 478 + x. Is g a composite number?
False
Let a = -18478 + 34437. Is a a prime number?
True
Is (-1)/(-1)*(714123/3)/9 prime?
True
Suppose 0 = -x - 2*i + 1, 3*i = 2*x + 9 - 25. Suppose -x*c + 74 = -3*c. Is c prime?
True
Let v(k) = 20*k**2 + 18*k + 233. Is v(-13) a prime number?
False
Let y(c) = 13*c**2 + 7*c - 3. Let f(r) = r. Let q(g) = -4*f(g) + y(g). Let z be (63/(-84))/(6/(-16)). Is q(z) a composite number?
True
Let j = 167 + -59. Is j/1 + 9/3 composite?
True
Let p = -24419 + 74932. Is p prime?
True
Let w = 941 + -562. Is w a prime number?
True
Suppose -2*h + 10440 = 4*d, 2*h - 7243 - 588 = -3*d. Is d a prime number?
True
Let y be (-58 - -1) + 5 + -4. Let v = 391 + y. Is v a prime number?
False
Let x = 17 - 25. Let f be -88*(12/x)/1. Suppose 7*s = 3*s + f. Is s a composite number?
True
Suppose -5*a - 40 = -5*l, 3*l - 2 = 2*l - a. Suppose -l*n - 17 = -3*y, 2*n + 2*n + 2*y = 4. Is -6 + 7 - 25/n prime?
False
Suppose 0 = 15*r - 251483 + 35948. Is r prime?
True
Let k(x) = x**3 + 8*x**2 + 5*x - 11. Let s be k(-7). Suppose s*q = 19636 - 5053. Is q a composite number?
False
Let r(f) = 18*f**3 - 4*f**2 - 2*f + 7. Is r(4) prime?
True
Suppose l - 9 = -9. Suppose 0 = -5*t - o + 5814, -t + l*t + 1167 = -4*o. Is t composite?
False
Let i(j) = 3*j**2 - 18*j + 7. Let x be i(6). Is (x/21)/(2/2202) composite?
False
Let u(q) = -q**2 + 3*q + 38351. Is u(0) a composite number?
False
Let p(t) = 4*t**2 - 7*t + 3. Let o(q) = -3*q**2 + 6*q - 3. Let u(d) = 6*o(d) + 5*p(d). Let c(z) = -z - 8. Let s be c(-4). Is u(s) a composite number?
True
Let p = -2736 - 548. Is (p/(-12) - 1)/((-4)/(-6)) prime?
True
Suppose 27945 = -3*a + 68646. Is a prime?
True
Let a = -39 - -40. Let j(d) = d**2 - d + 1. Let r(o) = 250*o**2 + 3*o - 3. Let q(c) = 4*j(c) + r(c). Is q(a) a composite number?
True
Let q = -1986 + 4619. Is q a prime number?
True
Suppose 8*a - 13*a + 15 = 0. Suppose -a*g + g - x + 2435 = 0, -4*x - 1231 = -g. Is g prime?
False
Suppose -4*c + 2*s = c - 12, 2*c + 4*s = 0. Let t(r) = -10*r - 7*r + 4 + 0*r**c + 5 + r**2. Is t(17) a composite number?
True
Let t(r) = -r**2 + 23*r - 27. Let i = 18 - -2. Is t(i) a prime number?
False
Is (2040/18 + 2)/(4/42) prime?
False
Suppose -3*s = -7*s + 2*a + 1340, 0 = -2*s - 2*a + 682. Is 1*s + (2 - 0) composite?
True
Suppose -95 = -5*m - 105. Is m*(-4)/((-8)/1)*-237 prime?
False
Is (-244)/(-610) - (-19953)/5 prime?
False
Suppose 5*h = 9*h - 632. Is (1 + 5)/(4/h) a prime number?
False
Let y be (6/5)/((-20)/50). Is (-1)/(5/(-2420)) + y prime?
False
Suppose d = 4*i + 629, d - 763 = -3*i - 120. Let n = d + 386. Suppose -5*z - 278 = -n. Is z a composite number?
False
Let f(w) = -2*w**3 + w**2 + w. Let i be f(2). Let z = i - -6. Is ((-6)/z)/((-33)/(-4774)) a composite number?
True
Let b be (10/4)/(105/168). Is 2098 - (((-12)/3)/b)/1 a composite number?
False
Suppose g - b + 3*b = 1838, -2*g + 3686 = -b. Is -2 - g/(-2) - (-10 + 6) a composite number?
True
Suppose -5*z + 1236 = z. Suppose -3*w = -l - 576, 2*w - 5*l - z = w. Is w a prime number?
True
Suppose 10*d + 21 = 13*d. Let k(o) = o**3 - 6*o**2 - 6*o - 5. Let z be k(d). Suppose -5*b - 4*g = -619, z*b + 4*g - 3*g = 250. Is b prime?
True
Let o = 49 + -90. Let h be (-4)/((-1 + 2)/o). Let n = h + 13. Is n a composite number?
True
Suppose -11*x + 3*x = 17*x. Suppose -16 = -4*o + 4, 4*o = 2*q + 12. Suppose 5*p - 1973 = 3*t, x*p + q*p - 1576 = 3*t. Is p prime?
True
Suppose 2*g - c - 244 = -833, -609 = 2*g - 5*c. Let l = 623 + g. Is l a composite number?
False
Let q(i) be the third derivative of 7*i**4/6 + 9*i**3/2 + 14*i**2. Is q(8) composite?
False
Let x = 3167 + -2190. Is x a prime number?
True
Is (-8 - -12) + -2 + 9587 a composite number?
True
Let z = -4850 + 9835. Is z a prime number?
False
Suppose -3*w + 4293 = -5*b, -b + 115 = 5*w + 968. Let x = b - -1471. Is x composite?
False
Let j be (-50)/(-4)*8/5. Suppose j = 3*w + w. Suppose 10*n - 1465 = w*n. Is n a composite number?
False
Let y be (11 + -10)*(19 + -1). Let r = y + -17. Let j(l) = 450*l**2 - l. Is j(r) a prime number?
True
Let a(q) = -q + 17. Let j be a(10). Suppose 2*i + j*i = 4419. Is i a prime number?
True
Let k = -3135 - -7754. Is k prime?
False
Let i = 49117 + -18440. Is i a composite number?
False
Is (2 - 0)/(114/2276751) prime?
False
Let s = 3193 - 1756. Is s a prime number?
False
Let p(g) = -1 + 4 + 152*g + 0. Is p(2) prime?
True
Let w be (-45)/(-21) + 3/(-21). Suppose -w*x - 873 = -3*x. Suppose -x = 4*y - 7*y. Is y composite?
True
Is (19 + 0)/((-15)/(-2055)) - -2 a composite number?
True
Let b = 12 - 15. Is (b + 31)*9 + 1 composite?
True
Is (-1 - 0)/((-3)/64137) a prime number?
True
Let i(u) = u**2 - 5*u - 19. Let x be i(8). Suppose 5*c - 340 = -x. Is c a composite number?
False
Let v be 6/4 - ((-21897)/(-6) + -2). Let x = -1547 - v. Is x a prime number?
True
Let j be (-5)/(-15) + 16/(-3). Let y(x) = -8*x**3 - 6*x**2 - x - 4. Is y(j) composite?
True
Is (-8)/(560/9190)*-7 a prime number?
True
Let q = -77 + 83. Is ((-262)/q)/(0 + (-1)/3) a composite number?
False
Let t(l) = 34*l + 1. Let c = -20 - -21. Is t(c) composite?
True
Suppose 0 = -6*i + 4*i - 302. Let v = 279 + i. Suppose v = 4*j - 2*w, 4*j - 3*j = -4*w + 23. Is j prime?
True
Let x(g) = -g**3 - 8*g**2 - 7*g - 37. Is x(-13) a prime number?
False
Let h be 30/(-9)*(-1341)/(-6). Let l = 1800 + h. Is l a composite number?
True
Let r be 6/(-33) - 260/22. Let t = -12 - r. Suppose -2*a + 16 - 2 = t. Is a composite?
False
Let b(a) = -10*a**2 + 6*a - 15. Let g(j) = 5*j**2 - 3*j + 7. Let x be (2/4)/(14/196). Let k(v) = x*g(v) + 3*b(v). Is k(-3) prime?
False
Is -5 + -3 + (-1 - -11112) + -4 prime?
False
Let a(d) = 214*d + 389. Is a(18) a composite number?
False
Suppose 4*i - w = 8159, 2*i + 3*w = 7084 - 3015. Is i a prime